4. Suppose 3*n = 2*q + t, 3*n = 4*n + 4*q - 58. What are the prime factors of n?
2, 3, 7
Let z(m) = m**3 - 7*m**2 + 4*m + 7. Let x be z(6). Let t be (-256)/7 - 60/140. Let h = x - t. List the prime factors of h.
2
Suppose -1248 = -7*j + j. Suppose -o + 4*b + j = 0, 4*o + 5*b - 48 = 742. What are the prime factors of o?
2, 5
List the prime factors of ((-52)/(-65))/((-3)/(-285)).
2, 19
Let o be 60/(-1)*(-39)/12. Suppose 58 = -4*j - 3*n + o, -j - 2*n + 38 = 0. What are the prime factors of j?
2
Let m = 208 + 149. List the prime factors of m.
3, 7, 17
Let l be (-4 + 1)/(3/(-62)). Suppose -66 = -4*n + x + l, -4*x + 64 = 2*n. List the prime factors of n.
2
Suppose 11*a = 10*a + 123. What are the prime factors of a?
3, 41
Let w(t) = -3*t**3 - 7*t**2 + 52*t - 14. List the prime factors of w(-9).
2, 569
Suppose 5*v + 5*p - 7*p - 960 = 0, 766 = 4*v - 2*p. List the prime factors of v.
2, 97
What are the prime factors of (-59 + 17)*(-11 + -2)?
2, 3, 7, 13
Let p(l) = 1 + 2 - 8*l - 1 + 27*l. List the prime factors of p(5).
97
Let y = 2010 - 1006. List the prime factors of y.
2, 251
Let k be ((-18)/45)/((-4)/10) + 206. Suppose 4*x = x + k. What are the prime factors of x?
3, 23
Suppose 3 + 2 = 3*t - 2*b, -5*t + 4*b + 7 = 0. Let q = 147 + -138. Suppose q = 3*d, 0*y + t*d - 21 = -4*y. List the prime factors of y.
3
Let g(v) = -v**3 + 24*v**2 - 23*v + 18. Let u be g(23). Suppose -348 = -5*b - u. List the prime factors of b.
2, 3, 11
Let i = 32 + -11. Let q = 9 - i. Let g = q - -17. List the prime factors of g.
5
Let k = 34 + -3. Let o = k - 58. Let v = 51 + o. What are the prime factors of v?
2, 3
Let a = 13199 + -7191. List the prime factors of a.
2, 751
Let d be ((-12)/(-8))/((-1)/2). Let a be 5/10 + 58/4. Let m = a - d. List the prime factors of m.
2, 3
Suppose 2 = -4*l - 5*c - 7, 2*c + 6 = -l. Suppose -4*b + 5*v = -85, -5*v + 11 + l = b. What are the prime factors of b?
2, 5
Suppose -3*x = 4*d - 2201, -8*d + 3*d - 1475 = -2*x. List the prime factors of x.
3, 5, 7
Suppose -7*m - 767 + 2139 = 0. Suppose n + 0*h = 4*h + 36, 0 = -4*n + 3*h + m. List the prime factors of n.
2, 13
List the prime factors of (-64)/(-14) + -4 - 1809/(-7).
7, 37
Let a(b) = 3*b - 2. Let g be a(4). Let j(s) = -s**2 + 10*s + 10. List the prime factors of j(g).
2, 5
Let i be ((-200)/(-15))/(6/9). List the prime factors of 83 + (i/(-4) - -7).
5, 17
Let b(m) = m - 7. Let n be b(9). What are the prime factors of 2718/63 + n/(-14)?
43
Suppose 7*k = 6*k + 4. Suppose -k*i + 25 = 1. Let s(u) = -u**3 + 7*u**2 - 5*u - 3. List the prime factors of s(i).
3
Suppose -6*v + v + 635 = -5*u, 2*u = -3*v + 361. Let r = 177 - v. List the prime factors of r.
2, 3
Suppose 4*t + t - 1835 = 0. List the prime factors of t.
367
Suppose 24431 = 35*d - 11479. What are the prime factors of d?
2, 3, 19
Let d = -68 - -64. Let b(o) = o + 19. List the prime factors of b(d).
3, 5
Suppose -10824 = -18*a + 38640. What are the prime factors of a?
2, 3, 229
Let m be (16/4)/(4/10). Let u be 3 - 2*6/(-4). List the prime factors of (76/m)/(u/15).
19
Suppose -l = -6*l + 250. Let c = l + 8. List the prime factors of c.
2, 29
Suppose 5 + 5 = 2*u. Suppose 3 = p + u. List the prime factors of 96/16 - (p - 1).
3
What are the prime factors of (-2 - (-36)/(-27))/(2/(-165))?
5, 11
Let k = -1015 + 1630. List the prime factors of k.
3, 5, 41
Suppose 0 = 4*f - 2147 - 509. Suppose -f = -4*j - 132. List the prime factors of j.
7, 19
Let c = 4 + 6. Let j(d) = d**3 - 10*d**2 + 14. What are the prime factors of j(c)?
2, 7
Suppose -424 - 220 = 7*c. What are the prime factors of (-10)/15 + 2/3 - c?
2, 23
Let g(q) = q + 13. Let l be g(-5). Suppose l*v - 229 = 75. List the prime factors of v.
2, 19
Let d(t) be the third derivative of t**5/60 - 7*t**4/24 - 11*t**3/6 + 12*t**2. What are the prime factors of d(-11)?
11, 17
Suppose 3*n - 4*p - p - 173 = 0, 59 = n - 3*p. Let y(z) = -z**3 - 6*z**2 - 2*z - 9. Let o be y(-6). Suppose -n - 31 = -o*d. What are the prime factors of d?
29
Let r(i) = 72*i + 116. What are the prime factors of r(31)?
2, 587
Suppose -s + 5*f = -1, -s - 2*f = -0*s - 8. Suppose 0 = -s*t - t + 245. What are the prime factors of t?
5, 7
Let t(j) = -4*j**2 + 107*j + 45. List the prime factors of t(27).
2, 3
Let d = 7491 - 3654. What are the prime factors of d?
3, 1279
Let p(j) = -7*j - 7. Let m be p(-7). Suppose 4*s - 2*l + 184 = m, 4*s - l + 137 = 0. What are the prime factors of 0 + -2 - 0 - s?
31
Suppose w = h + 5*w - 119, 4*w + 475 = 5*h. What are the prime factors of h?
3, 11
Let m be 4*(-75)/(-18)*9/30. What are the prime factors of 1 + -3 + m - (-85 - -1)?
3, 29
Let a be 2 - 0 - -2 - -276. Suppose 0 = 3*d + 4*l - 168, -d + l = 4*d - a. List the prime factors of d.
2, 7
Suppose 5*c = 15, 0 = -5*q - 2*c - 2*c + 917. List the prime factors of q.
181
What are the prime factors of -48 + 2179 + 2/(-1)?
2129
List the prime factors of (529 - 2)*(-2)/(6/(-3)).
17, 31
Let i = 607 - -92. List the prime factors of i.
3, 233
Let b(g) = -2*g**2 + 2*g + 2. Let j be b(3). Let u = 0 + j. Let k = u - -14. List the prime factors of k.
2
Let f(a) = -a**3 - a**2. Let b be f(0). Suppose b = -w + 5*w - 5*r - 101, -w + r + 25 = 0. What are the prime factors of w?
2, 3
Suppose 18 = 5*j - 2*j. Suppose s = -0*s + j. What are the prime factors of s?
2, 3
Let u(j) = -j + 8. Suppose 18 = 4*b - 2*r, b - 3 = -b - 5*r. Let y be u(b). Suppose -y*o + 0 = -148. What are the prime factors of o?
37
Suppose 2*m - m = 1. Suppose y - 5 = m. Let i(d) = 2*d**2 - 6*d - 4. What are the prime factors of i(y)?
2
Suppose -3*i + 6*i - 6 = 0. Suppose 3*a - 62 = -2*y + 141, i*y + 5*a - 193 = 0. What are the prime factors of y?
109
Suppose 3*c + 5 = 8*c, u = 4*c + 721. What are the prime factors of u?
5, 29
Let q = 4 - 2. Let j(d) = -d**3 - 2*d**2 - d + 1. Let t(m) = -5*m**3 - 11*m**2 - 4*m + 5. Let l(x) = -11*j(x) + 2*t(x). List the prime factors of l(q).
13
Let b(s) be the second derivative of s**5/20 + 2*s**4/3 - 8*s**3/3 - 4*s**2 + 24*s. What are the prime factors of b(-9)?
5, 11
Let o = 8 - 4. Suppose 26 = 4*i + 3*d, -i - 3*d = -d - o. List the prime factors of 444/16 - (-2)/i.
2, 7
Let w(j) = -4*j**2 + 2*j + 6. Let t(g) = -11*g**2 + 6*g + 18. Let f(h) = -3*t(h) + 8*w(h). Let r be f(6). List the prime factors of (r + 0)/(3/4).
2, 3
Let l be 4 + (-7)/(14/4). Let p be (-30)/4 + (-1)/l. What are the prime factors of -3*(p/2)/4?
3
Suppose 48 = h - 5*v, h + v = -4*h + 240. Let r = h - -37. What are the prime factors of r?
5, 17
Let g(y) = -y**3 - 2*y**2 - 2*y + 4622. What are the prime factors of g(0)?
2, 2311
Suppose h = 4*s + 211 + 232, -5*h + 2307 = 3*s. List the prime factors of h.
3, 17
Let z be (-2)/8 - (-5)/4. Let r be z + 1 + (4 - 2). Suppose 0*s - r*s = -88. What are the prime factors of s?
2, 11
Let m be 420/26 - (-6)/(-39). Suppose -m*f + 33 = -15*f. List the prime factors of f.
3, 11
Suppose 0 = -0*f - f + 4. Suppose -f*c + 0 + 100 = 0. List the prime factors of c.
5
Let c(f) = 92*f - 1044. What are the prime factors of c(16)?
2, 107
Let b(n) = 609*n + 354. List the prime factors of b(4).
2, 3, 5, 31
Let t be (-3)/((-2)/6 - (-23)/42). Let r = 24 - t. What are the prime factors of r?
2, 19
Let a be 6*(33/(-9) + 4). List the prime factors of 19/1 - 8/a.
3, 5
Let n(h) = -h**2 - 4*h - 4. Let m be n(-3). Let v be (1/(2/16))/(-1). What are the prime factors of 1/(m + (-9)/v)?
2
Let r(m) = -2*m - 1. Let j be r(-4). Let h(u) = -2*u - 10. Let o be h(2). What are the prime factors of (-6)/o - (-354)/j?
3, 17
List the prime factors of 45*2*(765/27)/5.
2, 3, 5, 17
Let h(i) = -3*i**2 + 5*i + 2. Let o(u) = -13*u**2 + 20*u + 7. Let y(f) = -9*h(f) + 2*o(f). Let m be y(-3). Suppose q - m = -q. List the prime factors of q.
2, 5
Suppose 3*q + 2*g = 2, 3*q - 6*g + 2*g + 4 = 0. Suppose -5*p - w + 137 + 120 = 0, -p - 3*w + 57 = q. What are the prime factors of p?
3, 17
Let s = 49 + -37. Suppose -4*a - 4*i + 251 = -7*i, -4*i + s = 0. List the prime factors of a.
5, 13
Suppose -43*w - 12852 = -60*w. List the prime factors of w.
2, 3, 7
Suppose -2*i - 4*z = -830, 0 = 3*i - 4*z - 433 - 802. What are the prime factors of i?
7, 59
Suppose 4*c - 3*w - w + 8 = 0, 31 = 2*c + 5*w. Suppose -2*h - 1 = -c*h, 2*h - 5 = -t. Suppose t*o = 2*o + 2. List the prime factors of o.
2
Suppose -4*b - 4*b + 